is 312 (base 4) in base 11?
4a
5 (base 11) to base 5
10
Convert 221 (base 3) to base 6.
41
Convert 3 (base 10) to base 5.
3
Convert 100 (base 6) to base 9.
40
Convert 100 (base 2) to base 11.
4
What is 101001 (base 2) in base 11?
38
-12 (base 9) to base 2
-1011
What is 1010 (base 2) in base 14?
a
-10101 (base 2) to base 16
-15
What is -7 (base 16) in base 11?
-7
Convert -1010 (base 3) to base 8.
-36
Convert -2 (base 15) to base 11.
-2
-10 (base 9) to base 16
-9
13 (base 11) to base 10
14
Convert -10 (base 8) to base 6.
-12
Convert -14 (base 11) to base 14.
-11
What is -11 (base 5) in base 4?
-12
What is 0 (base 4) in base 13?
0
Convert -1111001 (base 2) to base 5.
-441
What is -1 (base 2) in base 4?
-1
What is 82 (base 10) in base 9?
101
3 (base 13) to base 2
11
Convert 5 (base 16) to base 3.
12
What is -2 (base 8) in base 5?
-2
-116 (base 7) to base 2
-111110
30 (base 6) to base 7
24
Convert 3b (base 14) to base 13.
41
2212 (base 4) to base 6
434
Convert 0 (base 10) to base 8.
0
What is -1 (base 8) in base 3?
-1
-5 (base 13) to base 10
-5
Convert -24 (base 7) to base 10.
-18
Convert -6 (base 8) to base 4.
-12
What is 101 (base 2) in base 10?
5
What is -27 (base 11) in base 8?
-35
Convert -53 (base 6) to base 12.
-29
60 (base 11) to base 8
102
What is -11011011 (base 2) in base 11?
-18a
What is 6 (base 9) in base 14?
6
-3 (base 14) to base 10
-3
Convert 100 (base 2) to base 5.
4
What is -12 (base 13) in base 10?
-15
Convert -260 (base 10) to base 9.
-318
100 (base 4) to base 12
14
24 (base 15) to base 12
2a
Convert 10 (base 4) to base 8.
4
Convert -1 (base 14) to base 2.
-1
What is -15 (base 11) in base 9?
-17
Convert -23 (base 5) to base 12.
-11
Convert -150 (base 8) to base 3.
-10212
What is 4 (base 14) in base 9?
4
Convert 5 (base 13) to base 7.
5
What is 3 (base 14) in base 9?
3
What is -9 (base 15) in base 2?
-1001
What is -10 (base 15) in base 3?
-120
Convert -36 (base 14) to base 3.
-1210
What is 11 (base 5) in base 11?
6
What is -300 (base 5) in base 4?
-1023
Convert 311 (base 6) to base 11.
a5
Convert 3b (base 13) to base 14.
38
What is -44 (base 9) in base 4?
-220
1 (base 2) to base 13
1
Convert 4 (base 9) to base 15.
4
Convert -11 (base 7) to base 11.
-8
What is -7 (base 14) in base 8?
-7
Convert -3 (base 12) to base 15.
-3
-121 (base 7) to base 10
-64
What is 1c (base 14) in base 15?
1b
41 (base 7) to base 5
104
115 (base 12) to base 2
10100001
Convert 6b (base 13) to base 11.
81
4 (base 5) to base 13
4
Convert 10 (base 7) to base 9.
7
-21 (base 4) to base 12
-9
-10 (base 10) to base 9
-11
Convert -4 (base 5) to base 7.
-4
What is 105 (base 12) in base 10?
149
2 (base 12) to base 9
2
31 (base 6) to base 15
14
0 (base 12) to base 11
0
What is 1 (base 7) in base 14?
1
Convert -1 (base 7) to base 10.
-1
Convert 27 (base 14) to base 3.
1022
What is -6 (base 13) in base 10?
-6
-19 (base 10) to base 3
-201
Convert 3 (base 11) to base 10.
3
What is -c (base 15) in base 5?
-22
2104 (base 5) to base 4
10113
Convert -24 (base 13) to base 14.
-22
28 (base 15) to base 3
1102
-100 (base 2) to base 11
-4
Convert -48 (base 16) to base 13.
-57
What is -2 (base 10) in base 7?
-2
What is -10 (base 3) in base 7?
-3
-41 (base 8) to base 15
-23
What is 23 (base 13) in base 5?
104
What is -121 (base 5) in base 12?
-30
What is -2 (base 8) in base 6?
-2
Convert -1220 (base 6) to base 15.
-150
Convert 1 (base 3) to base 6.
1
-12 (base 12) to base 6
-22
What is -13 (base 6) in base 14?
-9
-6 (base 16) to base 12
-6
What is -4 (base 5) in base 8?
-4
1010 (base 2) to base 6
14
Convert 224 (base 9) to base 11.
158
Convert 0 (base 10) to base 8.
0
Convert -26 (base 15) to base 4.
-210
Convert -21 (base 12) to base 8.
-31
Convert 8 (base 16) to base 4.
20
-64 (base 11) to base 6
-154
Convert 84 (base 9) to base 6.
204
Convert -2 (base 15) to base 12.
-2
Convert 1100 (base 2) to base 16.
c
Convert -185 (base 11) to base 15.
-e4
2 (base 9) to base 11
2
What is -11 (base 6) in base 11?
-7
What is 10 (base 9) in base 2?
1001
-10 (base 2) to base 14
-2
-9 (base 14) to base 6
-13
Convert -1 (base 8) to base 7.
-1
c0 (base 15) to base 7
345
-21 (base 3) to base 5
-12
Convert -7 (base 13) to base 12.
-7
7 (base 11) to base 5
12
11 (base 3) to base 9
4
-6 (base 8) to base 5
-11
Convert 1 (base 14) to base 10.
1
-2 (base 6) to base 16
-2
What is -5 (base 13) in base 3?
-12
What is 1233 (base 4) in base 14?
7d
What is 2 (base 7) in base 15?
2
-67 (base 10) to base 2
-1000011
-140 (base 9) to base 10
-117
What is -3 (base 16) in base 9?
-3
-1 (base 7) to base 6
-1
What is -13b (base 13) in base 4?
-3123
What is -101011 (base 2) in base 3?
-1121
Convert -158 (base 14) to base 3.
-101011
Convert 110 (base 5) to base 12.
26
Convert 33 (base 15) to base 3.
1210
What is 2a (base 13) in base 11?
33
-110 (base 4) to base 13
-17
1 (base 8) to base 4
1
-10a (base 12) to base 9
-181
Convert 1 (base 15) to base 8.
1
13 (base 7) to base 16
a
Convert -3 (base 12) to base 9.
-3
33 (base 4) to base 3
120
What is -88 (base 14) in base 2?
-1111000
What is -3 (base 10) in base 6?
-3
Convert 0 (base 6) to base 5.
0
What is 61 (base 8) in base 4?
301
Convert -13 (base 5) to base 10.
-8
2a (base 15) to base 3
1111
-212 (base 3) to base 16
-17
-21 (base 9) to base 15
-14
What is -287 (base 9) in base 5?
-1431
What is -54 (base 13) in base 4?
-1011
-27 (base 15) to base 5
-122
43 (base 14) to base 12
4b
What is 9 (base 12) in base 14?
9
-3 (base 6) to base 7
-3
What is 1 (base 12) in base 9?
1
Convert -12 (base 14) to base 2.
-10000
-202 (base 3) to base 8
-24
-15 (base 11) to base 16
-10
Convert 8 (base 9) to base 7.
11
What is -22 (base 11) in base 12?
-20
Convert -82 (base 13) to base 10.
-106
-16 (base 8) to base 6
-22
-33 (base 6) to base 8
-25
What is 0 (base 8) in base 5?
0
What is -3 (base 7) in base 2?
-11
What is 49 (base 10) in base 15?
34
What is 32 (base 6) in base 13?
17
Convert 52 (base 11) to base 2.
111001
What is 0 (base 13) in base 3?
0
What is -b6 (base 13) in base 2?
-10010101
What is -c (base 13) in base 14?
-c
Convert -10 (base 3) to base 11.
-3
10 (base 11) to base 3
102
Convert 1101 (base 2) to base 7.
16
-28 (base 9) to base 16
-1a
Convert -5 (base 15) to base 12.
-5
What is -3 (base 8) in base 16?
-3
What is 1000 (base 2) in base 6?
12
-133 (base 9) to base 13
-87
-12 (base 4) to base 6
-10
Convert -3 (base 11) to base 14.
-3
-36 (base 7) to base 8
-33
-11 (base 3) to base 6
-4
Convert 47 (base 12) to base 15.
3a
What is 436 (base 7) in base 16?
df
-136 (base 8) to base 10
-94
What is 1 (base 9) in base 12?
1
31 (base 5) to base 3
121
Convert -347 (base 8) to base 16.
-e7
What is 2 (base 6) in base 14?
2
Convert 10 (base 8) to base 4.
20
Convert -15 (base 8) to base 15.
-d
What is 74 (base 14) in base 13?
7b
What is 12 (base 12) in base 16?
e
What is 11 (base 2) in base 9?
3
8 (base 9) to base 2
1000
-1 (base 12) to base 16
-1
What is -11 (base 2) in base 15?
-3
Convert 10 (base 2) to base 5.
2
Convert -4 (base 12) to base 9.
-4
Convert -40 (base 5) to base 12.
-18
Convert -21 (base 3) to base 14.
-7
What is 100010 (base 2) in base 9?
37
What is 122 (base 6) in base 2?
110010
What is -54 (base 9) in base 5?
-144
50 (base 12) to base 7
114
Convert -47 (base 16) to base 2.
-1000111
1cb (base 13) to base 6
1320
33 (base 15) to base 16
30
What is -3 (base 8) in base 10?
-3
Convert -12 (base 4) to base 2.
-110
2 (base 5) to base 6
2
Convert -84 (base 11) to base 15.
-62
What is 7 (base 11) in base 6?
11
What is 100010 (base 2) in base 12?
2a
What is 10 (base 3) in base 12?
3
What is 0 (base 4) in base 3?
0
Convert 4 (base 5) to base 4.
10
What is -4 (base 12) in base 2?
-100
Convert 103 (base 10) to base 11.
94
11 (base 2) to base 9
3
Convert -13 (base 5) to base 12.
-8
Convert -1313 (base 4) to base 13.
-92
Convert -10 (base 14) to base 6.
-22
What is -32 (base 6) in base 9?
-22
Convert 3 (base 6) to base 4.
3
What is -1001 (base 2) in base 8?
-11
Convert -4 (base 10) to base 3.
-11
Convert -3 (base 10) to base 13.
-3
-11 (base 4) to base 3
-12
Convert 12 (base 11) to base 7.
16
Convert -3 (base 4) to base 5.
-3
353 (base 8) to base 3
22201
Convert -100000 (base 2) to base 7.
-44
Convert -121 (base 4) to base 2.
-11001
What is -16 (base 7) in base 15?
-d
-44 (base 14) 